{"id":1206,"date":"2026-03-26T15:56:17","date_gmt":"2026-03-26T14:56:17","guid":{"rendered":"https:\/\/lerelaisdesiles.com\/?page_id=1206"},"modified":"2026-03-26T18:02:01","modified_gmt":"2026-03-26T17:02:01","slug":"restaurant-2","status":"publish","type":"page","link":"https:\/\/lerelaisdesiles.com\/index.php\/restaurant-2\/","title":{"rendered":"Restaurant"},"content":{"rendered":"\n<div class=\"wp-block-group alignfull is-content-justification-center\" style=\"margin-top:0;margin-bottom:0;padding-top:var(--wp--preset--spacing--40);padding-bottom:var(--wp--preset--spacing--40)\"><div class=\"wp-block-group__inner-container is-layout-constrained wp-block-group-is-layout-constrained\">\n\n\n<figure class=\"is-layout-flow wp-block-column-is-layout-flow is-layout-flex wp-container-core-columns-is-layout-d4625b91 wp-block-columns-is-layout-flex\"><img decoding=\"async\" style=\"aspect-ratio: 3\/4; object-fit: cover;\" src=\"https:\/\/lerelaisdesiles.com\/wp-content\/uploads\/2024\/06\/TABLE-SEA.jpg\" alt=\"\" \/><\/figure>\n\n\n\n\n<h2 class=\"wp-block-heading is-content-justification-left is-layout-constrained wp-container-core-column-is-layout-e4ac910b wp-block-column-is-layout-constrained\">Bienvenue dans notre restaurant \u00e0 la vue panoramique<\/h2>\n\n\n<p class=\"wp-block-paragraph\">Venez d\u00e9guster nos cr\u00e9ations culinaires avec une vue \u00e0 couper le souffle sur la mer et les Iles\u00a0<\/p>\n\n\n<\/div><\/div>\n\n\n\n<p class=\"wp-block-paragraph\"><\/p>\n","protected":false},"excerpt":{"rendered":"<p>Bienvenue dans notre restaurant \u00e0 la vue panoramique Venez d\u00e9guster nos cr\u00e9ations culinaires avec une vue \u00e0 couper le souffle sur la mer et les Iles\u00a0<\/p>\n","protected":false},"author":2,"featured_media":0,"parent":0,"menu_order":0,"comment_status":"closed","ping_status":"closed","template":"","meta":{"_acf_changed":false,"_coblocks_attr":"","_coblocks_dimensions":"","_coblocks_responsive_height":"","_coblocks_accordion_ie_support":"","_crdt_document":"","footnotes":""},"class_list":["post-1206","page","type-page","status-publish","hentry"],"acf":[],"jetpack_sharing_enabled":true,"_links":{"self":[{"href":"https:\/\/lerelaisdesiles.com\/index.php\/wp-json\/wp\/v2\/pages\/1206","targetHints":{"allow":["GET"]}}],"collection":[{"href":"https:\/\/lerelaisdesiles.com\/index.php\/wp-json\/wp\/v2\/pages"}],"about":[{"href":"https:\/\/lerelaisdesiles.com\/index.php\/wp-json\/wp\/v2\/types\/page"}],"author":[{"embeddable":true,"href":"https:\/\/lerelaisdesiles.com\/index.php\/wp-json\/wp\/v2\/users\/2"}],"replies":[{"embeddable":true,"href":"https:\/\/lerelaisdesiles.com\/index.php\/wp-json\/wp\/v2\/comments?post=1206"}],"version-history":[{"count":8,"href":"https:\/\/lerelaisdesiles.com\/index.php\/wp-json\/wp\/v2\/pages\/1206\/revisions"}],"predecessor-version":[{"id":1258,"href":"https:\/\/lerelaisdesiles.com\/index.php\/wp-json\/wp\/v2\/pages\/1206\/revisions\/1258"}],"wp:attachment":[{"href":"https:\/\/lerelaisdesiles.com\/index.php\/wp-json\/wp\/v2\/media?parent=1206"}],"curies":[{"name":"wp","href":"https:\/\/api.w.org\/{rel}","templated":true}]}}